{"id":950,"date":"2021-03-10T10:12:52","date_gmt":"2021-03-10T18:12:52","guid":{"rendered":"https:\/\/newmexicotruetalent.org\/spanish\/?page_id=950"},"modified":"2022-01-04T15:43:26","modified_gmt":"2022-01-04T23:43:26","slug":"fabricacion","status":"publish","type":"page","link":"https:\/\/bridge2careers.org\/spanish\/guias-de-las-carreras\/fabricacion\/","title":{"rendered":"Fabricaci\u00f3n"},"content":{"rendered":"\n<style type=\"text\/css\" data-created_by=\"avia_inline_auto\" id=\"style-css-av-3cwspd-384ec85654117ca0300a2c5d3fe53a1e\">\n#top .flex_column.av-3cwspd-384ec85654117ca0300a2c5d3fe53a1e{\nmargin-top:0px;\nmargin-bottom:0px;\n}\n.flex_column.av-3cwspd-384ec85654117ca0300a2c5d3fe53a1e{\n-webkit-border-radius:0px 0px 0px 0px;\n-moz-border-radius:0px 0px 0px 0px;\nborder-radius:0px 0px 0px 0px;\npadding:0px 0px 0px 0px;\n}\n.responsive #top #wrap_all .flex_column.av-3cwspd-384ec85654117ca0300a2c5d3fe53a1e{\nmargin-top:0px;\nmargin-bottom:0px;\n}\n<\/style>\n<div  class='flex_column av-3cwspd-384ec85654117ca0300a2c5d3fe53a1e av_one_full  avia-builder-el-0  el_before_av_one_full  avia-builder-el-first  first flex_column_div av-animated-generic bottom-to-top av-zero-column-padding  '     ><p>\n<style type=\"text\/css\" data-created_by=\"avia_inline_auto\" id=\"style-css-av-jpyc2jij-7d6726d882bf92299ff09a915707f030\">\n.avia-image-container.av-jpyc2jij-7d6726d882bf92299ff09a915707f030 img.avia_image{\nbox-shadow:none;\n}\n.avia-image-container.av-jpyc2jij-7d6726d882bf92299ff09a915707f030 .av-image-caption-overlay-center{\ncolor:#ffffff;\n}\n<\/style>\n<div  class='avia-image-container av-jpyc2jij-7d6726d882bf92299ff09a915707f030 av-styling- avia-align-center  avia-builder-el-1  el_before_av_heading  avia-builder-el-first '   itemprop=\"image\" itemscope=\"itemscope\" itemtype=\"https:\/\/schema.org\/ImageObject\" ><div class=\"avia-image-container-inner\"><div class=\"avia-image-overlay-wrap\"><img decoding=\"async\" class='wp-image-952 avia-img-lazy-loading-not-952 avia_image ' src=\"https:\/\/bridge2careers.org\/spanish\/wp-content\/uploads\/sites\/4\/sites\/4\/2021\/03\/Int_Trade_Photo.jpg\" alt='' title='Int_Trade_Photo'  height=\"416\" width=\"990\"  itemprop=\"thumbnailUrl\" srcset=\"https:\/\/bridge2careers.org\/spanish\/wp-content\/uploads\/sites\/4\/sites\/4\/2021\/03\/Int_Trade_Photo.jpg 990w, https:\/\/bridge2careers.org\/spanish\/wp-content\/uploads\/sites\/4\/sites\/4\/2021\/03\/Int_Trade_Photo-300x126.jpg 300w, https:\/\/bridge2careers.org\/spanish\/wp-content\/uploads\/sites\/4\/sites\/4\/2021\/03\/Int_Trade_Photo-768x323.jpg 768w, https:\/\/bridge2careers.org\/spanish\/wp-content\/uploads\/sites\/4\/sites\/4\/2021\/03\/Int_Trade_Photo-705x296.jpg 705w\" sizes=\"(max-width: 990px) 100vw, 990px\" \/><\/div><\/div><\/div><br \/>\n\n<style type=\"text\/css\" data-created_by=\"avia_inline_auto\" id=\"style-css-av-86tdy-724a6cc3dd2a1b6e45408338ea647961\">\n#top .av-special-heading.av-86tdy-724a6cc3dd2a1b6e45408338ea647961{\npadding-bottom:0;\n}\nbody .av-special-heading.av-86tdy-724a6cc3dd2a1b6e45408338ea647961 .av-special-heading-tag .heading-char{\nfont-size:25px;\n}\n.av-special-heading.av-86tdy-724a6cc3dd2a1b6e45408338ea647961 .av-subheading{\nfont-size:15px;\n}\n<\/style>\n<div  class='av-special-heading av-86tdy-724a6cc3dd2a1b6e45408338ea647961 av-special-heading-h2 blockquote modern-quote  avia-builder-el-2  el_after_av_image  el_before_av_hr  av-linked-heading'><h2 class='av-special-heading-tag'  itemprop=\"headline\"  >INFORMACI\u00d3N SOBRE LAS TRAYECTORIAS PROFESIONALES DE FABRICACI\u00d3N AVANZADA<\/h2><div class=\"special-heading-border\"><div class=\"special-heading-inner-border\"><\/div><\/div><\/div><br \/>\n\n<style type=\"text\/css\" data-created_by=\"avia_inline_auto\" id=\"style-css-av-301elt-6af2ab138ad66bda024dd6952478e816\">\n#top .hr.av-301elt-6af2ab138ad66bda024dd6952478e816{\nmargin-top:10px;\nmargin-bottom:10px;\n}\n.hr.av-301elt-6af2ab138ad66bda024dd6952478e816 .hr-inner{\nwidth:50px;\nborder-color:#efbb20;\n}\n<\/style>\n<div  class='hr av-301elt-6af2ab138ad66bda024dd6952478e816 hr-custom  avia-builder-el-3  el_after_av_heading  el_before_av_heading  hr-left hr-icon-no'><span class='hr-inner inner-border-av-border-fat'><span class=\"hr-inner-style\"><\/span><\/span><\/div><br \/>\n\n<style type=\"text\/css\" data-created_by=\"avia_inline_auto\" id=\"style-css-av-km3rev62-853ac37be292922a1215d80568f4f5f3\">\n#top .av-special-heading.av-km3rev62-853ac37be292922a1215d80568f4f5f3{\npadding-bottom:0;\n}\nbody .av-special-heading.av-km3rev62-853ac37be292922a1215d80568f4f5f3 .av-special-heading-tag .heading-char{\nfont-size:25px;\n}\n.av-special-heading.av-km3rev62-853ac37be292922a1215d80568f4f5f3 .av-subheading{\nfont-size:15px;\n}\n<\/style>\n<div  class='av-special-heading av-km3rev62-853ac37be292922a1215d80568f4f5f3 av-special-heading-h3 blockquote modern-quote  avia-builder-el-4  el_after_av_hr  el_before_av_textblock  av-linked-heading'><h3 class='av-special-heading-tag'  itemprop=\"headline\"  >Trayectorias Profesionales<\/h3><div class=\"special-heading-border\"><div class=\"special-heading-inner-border\"><\/div><\/div><\/div><br \/>\n<section  class='av_textblock_section av-kdrqc4a7-f848caa11f2ea02beff1aa9f3bc7c90d '   itemscope=\"itemscope\" itemtype=\"https:\/\/schema.org\/CreativeWork\" ><div class='avia_textblock'  itemprop=\"text\" ><p>Las trayectorias profesionales te muestran c\u00f3mo conectar tus opciones educativas \u2013 Carrera y educaci\u00f3n t\u00e9cnica, Certificaciones profesionales, T\u00edtulos de dos a\u00f1os, T\u00edtulos de cuatro a\u00f1os y m\u00e1s all\u00e1 \u2013 aprendiendo mientras trabajas y te preparas para una serie de carreras en estas Industrias del siglo XXI. Las trayectorias funcionan tanto horizontal como verticalmente, mostr\u00e1ndote lo que necesitas para cumplir tu educaci\u00f3n y tener aprendizaje pr\u00e1ctico para estar dispuesto para las carreras que deseas.<\/p>\n<\/div><\/section><br \/>\n\n<style type=\"text\/css\" data-created_by=\"avia_inline_auto\" id=\"style-css-av-kdrqdq00-723695d70fdbf76e71efa02f7b7dc40a\">\n.avia-image-container.av-kdrqdq00-723695d70fdbf76e71efa02f7b7dc40a img.avia_image{\nbox-shadow:none;\n}\n.avia-image-container.av-kdrqdq00-723695d70fdbf76e71efa02f7b7dc40a .av-image-caption-overlay-center{\ncolor:#ffffff;\n}\n<\/style>\n<div  class='avia-image-container av-kdrqdq00-723695d70fdbf76e71efa02f7b7dc40a av-styling- avia-align-center  avia-builder-el-6  el_after_av_textblock  avia-builder-el-last '   itemprop=\"image\" itemscope=\"itemscope\" itemtype=\"https:\/\/schema.org\/ImageObject\" ><div class=\"avia-image-container-inner\"><div class=\"avia-image-overlay-wrap\"><img decoding=\"async\" class='wp-image-777 avia-img-lazy-loading-not-777 avia_image ' src=\"https:\/\/bridge2careers.org\/spanish\/wp-content\/uploads\/sites\/4\/sites\/4\/2019\/04\/Spanish-Pathway-Manufacturing.jpg\" alt='' title=''  height=\"989\" width=\"1280\"  itemprop=\"thumbnailUrl\" srcset=\"https:\/\/bridge2careers.org\/spanish\/wp-content\/uploads\/sites\/4\/sites\/4\/2019\/04\/Spanish-Pathway-Manufacturing.jpg 1280w, https:\/\/bridge2careers.org\/spanish\/wp-content\/uploads\/sites\/4\/sites\/4\/2019\/04\/Spanish-Pathway-Manufacturing-300x232.jpg 300w, https:\/\/bridge2careers.org\/spanish\/wp-content\/uploads\/sites\/4\/sites\/4\/2019\/04\/Spanish-Pathway-Manufacturing-768x593.jpg 768w, https:\/\/bridge2careers.org\/spanish\/wp-content\/uploads\/sites\/4\/sites\/4\/2019\/04\/Spanish-Pathway-Manufacturing-1024x791.jpg 1024w, https:\/\/bridge2careers.org\/spanish\/wp-content\/uploads\/sites\/4\/sites\/4\/2019\/04\/Spanish-Pathway-Manufacturing-705x545.jpg 705w, https:\/\/bridge2careers.org\/spanish\/wp-content\/uploads\/sites\/4\/sites\/4\/2019\/04\/Spanish-Pathway-Manufacturing-450x348.jpg 450w\" sizes=\"(max-width: 1280px) 100vw, 1280px\" \/><\/div><\/div><\/div><\/p><\/div>\n<style type=\"text\/css\" data-created_by=\"avia_inline_auto\" id=\"style-css-av-b17v6-1d0977c5c285240be66734638b73165d\">\n.flex_column.av-b17v6-1d0977c5c285240be66734638b73165d{\n-webkit-border-radius:0px 0px 0px 0px;\n-moz-border-radius:0px 0px 0px 0px;\nborder-radius:0px 0px 0px 0px;\npadding:0px 0px 0px 0px;\n}\n<\/style>\n<div  class='flex_column av-b17v6-1d0977c5c285240be66734638b73165d av_one_full  avia-builder-el-7  el_after_av_one_full  el_before_av_one_half  first flex_column_div av-zero-column-padding  column-top-margin'     ><p>\n<style type=\"text\/css\" data-created_by=\"avia_inline_auto\" id=\"style-css-av-km3r07bp-f3dfc9213db457d161c3de810b22ac2c\">\n#top .av-special-heading.av-km3r07bp-f3dfc9213db457d161c3de810b22ac2c{\npadding-bottom:0;\n}\nbody .av-special-heading.av-km3r07bp-f3dfc9213db457d161c3de810b22ac2c .av-special-heading-tag .heading-char{\nfont-size:25px;\n}\n.av-special-heading.av-km3r07bp-f3dfc9213db457d161c3de810b22ac2c .av-subheading{\nfont-size:15px;\n}\n<\/style>\n<div  class='av-special-heading av-km3r07bp-f3dfc9213db457d161c3de810b22ac2c av-special-heading-h3 blockquote modern-quote  avia-builder-el-8  el_before_av_textblock  avia-builder-el-first  av-linked-heading'><h3 class='av-special-heading-tag'  itemprop=\"headline\"  >\u00bfQu\u00e9 aprendimos directamente de los empleadores en la fabricaci\u00f3n avanzada y el transporte y la log\u00edstica que conforman nuestra industria del comercio internacional?<\/h3><div class=\"special-heading-border\"><div class=\"special-heading-inner-border\"><\/div><\/div><\/div><br \/>\n<section  class='av_textblock_section av-8wv0h-eff6c62e5e1ef4d1c0d78adb12c55409 '   itemscope=\"itemscope\" itemtype=\"https:\/\/schema.org\/CreativeWork\" ><div class='avia_textblock'  itemprop=\"text\" ><p>Gracias a la aportaci\u00f3n de varios empleadores que componen la industria del Comercio internacional de nuestro condado, sabemos mucho m\u00e1s sobre los tipos de empleos y carreras disponibles para aquellos que viven aqu\u00ed. Los empleadores participantes incluyeron:<\/p>\n<ul>\n<li>Interceramic (Fabricante y distribuidor de azulejos)<\/li>\n<li>SteriGenics (Servicios de esterilizaci\u00f3n y laboratorio de salud)<\/li>\n<li>D.A., Inc. (Proveedor de productos de inyecci\u00f3n de pl\u00e1stico para la Industria de fabricaci\u00f3n automotriz)<\/li>\n<li>Acme Mills (Distribuidor de Textiles principalmente para la industria automotriz y ahora fabricante\/distribuidor de equipos de protecci\u00f3n personal)<\/li>\n<li>Union Pacific (Distribuci\u00f3n ferroviaria nacional)<\/li>\n<li>CN Wire (Fabricante de cables de cobre)<\/li>\n<li>Industrias Glaz-Tech (Fabricante por mayoreo y proveedor de vidrio de construcci\u00f3n y especialidad)<\/li>\n<li>Rose Logistics, LLC (Agentes log\u00edsticos de servicios de transporte nacional e internacional)<\/li>\n<li>Asociaci\u00f3n Industrial Fronteriza<\/li>\n<\/ul>\n<p>Si desea formar parte de las oportunidades actuales y en crecimiento, a continuaci\u00f3n, se muestra m\u00e1s informaci\u00f3n sobre las habilidades, t\u00edtulos y experiencia laboral previa que est\u00e1n buscando. Para obtener un informe completo, <a href=\"https:\/\/newmexicotruetalent.org\/wp-content\/uploads\/2020\/10\/International_Trade_Industry_Survey_Report_FINAL.pdf\" target=\"_blank\" rel=\"noopener\">haga clic aqu\u00ed.<\/a><\/p>\n<p>A continuaci\u00f3n, se presenta un resumen de las principales conclusiones de la encuesta.<\/p>\n<\/div><\/section><\/p><\/div>\n\n<style type=\"text\/css\" data-created_by=\"avia_inline_auto\" id=\"style-css-av-b17v6-1d0977c5c285240be66734638b73165d\">\n.flex_column.av-b17v6-1d0977c5c285240be66734638b73165d{\n-webkit-border-radius:0px 0px 0px 0px;\n-moz-border-radius:0px 0px 0px 0px;\nborder-radius:0px 0px 0px 0px;\npadding:0px 0px 0px 0px;\n}\n<\/style>\n<div  class='flex_column av-b17v6-1d0977c5c285240be66734638b73165d av_one_half  avia-builder-el-10  el_after_av_one_full  el_before_av_one_half  first flex_column_div av-zero-column-padding  column-top-margin'     ><div  class=\"avia-animated-number av-kdt478de-6a8267a8f102293b4889228d0345442c av-force-default-color avia_animate_when_visible  avia-builder-el-11  avia-builder-el-no-sibling  \" data-timer=\"3000\"><strong class=\"heading avia-animated-number-title\"><span class=\"avia-single-number __av-single-number\" data-number_format=\"\" data-number=\"80\" data-start_from=\"0\">80<\/span><span class=\"avia-no-number\">%<\/span><\/strong><div class=\"avia-animated-number-content\"><p>Transporte, distribuci\u00f3n y log\u00edstica<\/p>\n<\/div><\/div><\/div>\n\n<style type=\"text\/css\" data-created_by=\"avia_inline_auto\" id=\"style-css-av-b17v6-8501e498fe0e6a7a8725d6bf5decf766\">\n.flex_column.av-b17v6-8501e498fe0e6a7a8725d6bf5decf766{\n-webkit-border-radius:0px 0px 0px 0px;\n-moz-border-radius:0px 0px 0px 0px;\nborder-radius:0px 0px 0px 0px;\npadding:0px 0px 0px 0px;\n}\n<\/style>\n<div  class='flex_column av-b17v6-8501e498fe0e6a7a8725d6bf5decf766 av_one_half  avia-builder-el-12  el_after_av_one_half  el_before_av_one_full  flex_column_div av-zero-column-padding  column-top-margin'     ><div  class=\"avia-animated-number av-kdt49mfx-1d6b99fc96ced4a57d7f29eb2aec592e av-force-default-color avia_animate_when_visible  avia-builder-el-13  avia-builder-el-no-sibling  \" data-timer=\"3000\"><strong class=\"heading avia-animated-number-title\"><span class=\"avia-single-number __av-single-number\" data-number_format=\"\" data-number=\"40\" data-start_from=\"0\">40<\/span><span class=\"avia-no-number\">%<\/span><\/strong><div class=\"avia-animated-number-content\"><p>Fabricaci\u00f3n<\/p>\n<\/div><\/div><\/div>\n\n<style type=\"text\/css\" data-created_by=\"avia_inline_auto\" id=\"style-css-av-b17v6-1d0977c5c285240be66734638b73165d\">\n.flex_column.av-b17v6-1d0977c5c285240be66734638b73165d{\n-webkit-border-radius:0px 0px 0px 0px;\n-moz-border-radius:0px 0px 0px 0px;\nborder-radius:0px 0px 0px 0px;\npadding:0px 0px 0px 0px;\n}\n<\/style>\n<div  class='flex_column av-b17v6-1d0977c5c285240be66734638b73165d av_one_full  avia-builder-el-14  el_after_av_one_half  el_before_av_one_full  first flex_column_div av-zero-column-padding  column-top-margin'     ><p>\n<style type=\"text\/css\" data-created_by=\"avia_inline_auto\" id=\"style-css-av-kdowp686-01bf929c718c128d83ad0254f57c5e23\">\n#top .hr.hr-invisible.av-kdowp686-01bf929c718c128d83ad0254f57c5e23{\nheight:50px;\n}\n<\/style>\n<div  class='hr av-kdowp686-01bf929c718c128d83ad0254f57c5e23 hr-invisible  avia-builder-el-15  el_before_av_textblock  avia-builder-el-first '><span class='hr-inner '><span class=\"hr-inner-style\"><\/span><\/span><\/div><br \/>\n<section  class='av_textblock_section av-8wv0h-eff6c62e5e1ef4d1c0d78adb12c55409 '   itemscope=\"itemscope\" itemtype=\"https:\/\/schema.org\/CreativeWork\" ><div class='avia_textblock'  itemprop=\"text\" ><p>\u00bfCu\u00e1l es el ingreso promedio anual para la mayor\u00eda de los empleados de su empresa o empresa?<\/p>\n<\/div><\/section><br \/>\n\n<style type=\"text\/css\" data-created_by=\"avia_inline_auto\" id=\"style-css-av-kdoryphq-e2cb0bf6e00d5c01c07f2f152007a90a\">\n.avia-image-container.av-kdoryphq-e2cb0bf6e00d5c01c07f2f152007a90a img.avia_image{\nbox-shadow:none;\n}\n.avia-image-container.av-kdoryphq-e2cb0bf6e00d5c01c07f2f152007a90a .av-image-caption-overlay-center{\ncolor:#ffffff;\n}\n<\/style>\n<div  class='avia-image-container av-kdoryphq-e2cb0bf6e00d5c01c07f2f152007a90a av-styling- avia-align-left  avia-builder-el-17  el_after_av_textblock  avia-builder-el-last '   itemprop=\"image\" itemscope=\"itemscope\" itemtype=\"https:\/\/schema.org\/ImageObject\" ><div class=\"avia-image-container-inner\"><div class=\"avia-image-overlay-wrap\"><img decoding=\"async\" class='wp-image-954 avia-img-lazy-loading-not-954 avia_image ' src=\"https:\/\/bridge2careers.org\/spanish\/wp-content\/uploads\/sites\/4\/sites\/4\/2021\/03\/chart-man.jpg\" alt='' title='chart-man'  height=\"457\" width=\"615\"  itemprop=\"thumbnailUrl\" srcset=\"https:\/\/bridge2careers.org\/spanish\/wp-content\/uploads\/sites\/4\/sites\/4\/2021\/03\/chart-man.jpg 615w, https:\/\/bridge2careers.org\/spanish\/wp-content\/uploads\/sites\/4\/sites\/4\/2021\/03\/chart-man-300x223.jpg 300w\" sizes=\"(max-width: 615px) 100vw, 615px\" \/><\/div><\/div><\/div><\/p><\/div>\n\n<style type=\"text\/css\" data-created_by=\"avia_inline_auto\" id=\"style-css-av-l0f6y-44d32c776e834cbfa21b38a7db289f21\">\n.flex_column.av-l0f6y-44d32c776e834cbfa21b38a7db289f21{\n-webkit-border-radius:0px 0px 0px 0px;\n-moz-border-radius:0px 0px 0px 0px;\nborder-radius:0px 0px 0px 0px;\npadding:0px 0px 0px 0px;\n}\n<\/style>\n<div  class='flex_column av-l0f6y-44d32c776e834cbfa21b38a7db289f21 av_one_full  avia-builder-el-18  el_after_av_one_full  el_before_av_one_full  first flex_column_div av-zero-column-padding  column-top-margin'     ><section  class='av_textblock_section av-8wv0h-eff6c62e5e1ef4d1c0d78adb12c55409 '   itemscope=\"itemscope\" itemtype=\"https:\/\/schema.org\/CreativeWork\" ><div class='avia_textblock'  itemprop=\"text\" ><p>El sesenta por ciento de los empleadores informaron que ten\u00edan dificultades para encontrar empleados bien calificados para la mayor\u00eda de sus trabajos. Los componentes de la Mesa redonda identificaron los trabajos m\u00e1s dif\u00edciles de cumplir:<\/p>\n<ul>\n<li>Muchos trabajos:\n<ul style=\"list-style-type: circle;\">\n<li>Operadores de m\u00e1quinas<\/li>\n<li>Operadores de carretillas elevadoras<\/li>\n<\/ul>\n<\/li>\n<li>Algunos o muy pocos trabajos:\n<ul style=\"list-style-type: circle;\">\n<li>Manipulador de materiales<\/li>\n<li>Operador de m\u00e1quinas<\/li>\n<li>Secretario<\/li>\n<li>Supervisor<\/li>\n<li>L\u00edder del equipo<\/li>\n<li>Mec\u00e1nica di\u00e9sel<\/li>\n<li>Electricista diesel<\/li>\n<li>T\u00e9cnico de instalaci\u00f3n<\/li>\n<li>T\u00e9cnico el\u00e9ctrico mayor<\/li>\n<\/ul>\n<\/li>\n<\/ul>\n<\/div><\/section><\/div>\n\n<style type=\"text\/css\" data-created_by=\"avia_inline_auto\" id=\"style-css-av-b17v6-1d0977c5c285240be66734638b73165d\">\n.flex_column.av-b17v6-1d0977c5c285240be66734638b73165d{\n-webkit-border-radius:0px 0px 0px 0px;\n-moz-border-radius:0px 0px 0px 0px;\nborder-radius:0px 0px 0px 0px;\npadding:0px 0px 0px 0px;\n}\n<\/style>\n<div  class='flex_column av-b17v6-1d0977c5c285240be66734638b73165d av_one_full  avia-builder-el-20  el_after_av_one_full  el_before_av_one_full  first flex_column_div av-zero-column-padding  column-top-margin'     ><p>\n<style type=\"text\/css\" data-created_by=\"avia_inline_auto\" id=\"style-css-av-kdowp686-01bf929c718c128d83ad0254f57c5e23\">\n#top .hr.hr-invisible.av-kdowp686-01bf929c718c128d83ad0254f57c5e23{\nheight:50px;\n}\n<\/style>\n<div  class='hr av-kdowp686-01bf929c718c128d83ad0254f57c5e23 hr-invisible  avia-builder-el-21  el_before_av_image  avia-builder-el-first '><span class='hr-inner '><span class=\"hr-inner-style\"><\/span><\/span><\/div><br \/>\n\n<style type=\"text\/css\" data-created_by=\"avia_inline_auto\" id=\"style-css-av-kdosjn71-3762da9e7352bb3ba6a578b22d2cbcc7\">\n.avia-image-container.av-kdosjn71-3762da9e7352bb3ba6a578b22d2cbcc7 img.avia_image{\nbox-shadow:none;\n}\n.avia-image-container.av-kdosjn71-3762da9e7352bb3ba6a578b22d2cbcc7 .av-image-caption-overlay-center{\ncolor:#ffffff;\n}\n<\/style>\n<div  class='avia-image-container av-kdosjn71-3762da9e7352bb3ba6a578b22d2cbcc7 av-styling- avia-align-center  avia-builder-el-22  el_after_av_hr  avia-builder-el-last '   itemprop=\"image\" itemscope=\"itemscope\" itemtype=\"https:\/\/schema.org\/ImageObject\" ><div class=\"avia-image-container-inner\"><div class=\"avia-image-overlay-wrap\"><img decoding=\"async\" class='wp-image-956 avia-img-lazy-loading-not-956 avia_image ' src=\"https:\/\/bridge2careers.org\/spanish\/wp-content\/uploads\/sites\/4\/sites\/4\/2021\/03\/Manufacturing-Eligibility-SPANISH.jpg\" alt='' title='Manufacturing-Eligibility---SPANISH'  height=\"1378\" width=\"1070\"  itemprop=\"thumbnailUrl\" srcset=\"https:\/\/bridge2careers.org\/spanish\/wp-content\/uploads\/sites\/4\/sites\/4\/2021\/03\/Manufacturing-Eligibility-SPANISH.jpg 1070w, https:\/\/bridge2careers.org\/spanish\/wp-content\/uploads\/sites\/4\/sites\/4\/2021\/03\/Manufacturing-Eligibility-SPANISH-233x300.jpg 233w, https:\/\/bridge2careers.org\/spanish\/wp-content\/uploads\/sites\/4\/sites\/4\/2021\/03\/Manufacturing-Eligibility-SPANISH-800x1030.jpg 800w, https:\/\/bridge2careers.org\/spanish\/wp-content\/uploads\/sites\/4\/sites\/4\/2021\/03\/Manufacturing-Eligibility-SPANISH-768x989.jpg 768w, https:\/\/bridge2careers.org\/spanish\/wp-content\/uploads\/sites\/4\/sites\/4\/2021\/03\/Manufacturing-Eligibility-SPANISH-547x705.jpg 547w\" sizes=\"(max-width: 1070px) 100vw, 1070px\" \/><\/div><\/div><\/div><\/p><\/div>\n\n<style type=\"text\/css\" data-created_by=\"avia_inline_auto\" id=\"style-css-av-l0f6y-44d32c776e834cbfa21b38a7db289f21\">\n.flex_column.av-l0f6y-44d32c776e834cbfa21b38a7db289f21{\n-webkit-border-radius:0px 0px 0px 0px;\n-moz-border-radius:0px 0px 0px 0px;\nborder-radius:0px 0px 0px 0px;\npadding:0px 0px 0px 0px;\n}\n<\/style>\n<div  class='flex_column av-l0f6y-44d32c776e834cbfa21b38a7db289f21 av_one_full  avia-builder-el-23  el_after_av_one_full  avia-builder-el-last  first flex_column_div av-zero-column-padding  column-top-margin'     ><p><section  class='av_textblock_section av-8wv0h-eff6c62e5e1ef4d1c0d78adb12c55409 '   itemscope=\"itemscope\" itemtype=\"https:\/\/schema.org\/CreativeWork\" ><div class='avia_textblock'  itemprop=\"text\" ><p>Esta industria tambi\u00e9n ofrece una serie de trabajos que no requieren credenciales postsecundarias (universidad). Los mejores trabajos con el diploma de escuela secundaria o equivalente se identificaron como:<\/p>\n<ul>\n<li>Asociado de producci\u00f3n<\/li>\n<li>Manipulador de materiales<\/li>\n<li>Operaci\u00f3n de almac\u00e9n<\/li>\n<li>Administraci\u00f3n de la oficina<\/li>\n<li>Tripulaci\u00f3n del tren<\/li>\n<li>Trabajador de pista<\/li>\n<li>Operador de servicio mec\u00e1nico<\/li>\n<li>Secretario de servicios p\u00fablicos<\/li>\n<li>Operador\/conductor de carretilla elevadora<\/li>\n<li>Limpiadores<\/li>\n<li>Operador de m\u00e1quinas<\/li>\n<li>Operadores de prensa<\/li>\n<\/ul>\n<\/div><\/section><br \/>\n<section  class='av_textblock_section av-8wv0h-eff6c62e5e1ef4d1c0d78adb12c55409 '   itemscope=\"itemscope\" itemtype=\"https:\/\/schema.org\/CreativeWork\" ><div class='avia_textblock'  itemprop=\"text\" ><p>Ahora que sabes lo que necesitas, puedes comenzar tu hoja de trayectoria con los proveedores de educaci\u00f3n y capacitaci\u00f3n para ayudarte a llegar a tu destino profesional. Consulta tu hoja de trayectoria <a href=\"https:\/\/newmexicotruetalent.org\/spanish\/explorando-su-ruta\/\">aqu\u00ed<\/a>.<\/p>\n<\/div><\/section><\/p><\/div>\n","protected":false},"excerpt":{"rendered":"","protected":false},"author":1,"featured_media":0,"parent":594,"menu_order":2,"comment_status":"closed","ping_status":"closed","template":"","meta":{"footnotes":""},"class_list":["post-950","page","type-page","status-publish","hentry"],"_links":{"self":[{"href":"https:\/\/bridge2careers.org\/spanish\/wp-json\/wp\/v2\/pages\/950","targetHints":{"allow":["GET"]}}],"collection":[{"href":"https:\/\/bridge2careers.org\/spanish\/wp-json\/wp\/v2\/pages"}],"about":[{"href":"https:\/\/bridge2careers.org\/spanish\/wp-json\/wp\/v2\/types\/page"}],"author":[{"embeddable":true,"href":"https:\/\/bridge2careers.org\/spanish\/wp-json\/wp\/v2\/users\/1"}],"replies":[{"embeddable":true,"href":"https:\/\/bridge2careers.org\/spanish\/wp-json\/wp\/v2\/comments?post=950"}],"version-history":[{"count":7,"href":"https:\/\/bridge2careers.org\/spanish\/wp-json\/wp\/v2\/pages\/950\/revisions"}],"predecessor-version":[{"id":1125,"href":"https:\/\/bridge2careers.org\/spanish\/wp-json\/wp\/v2\/pages\/950\/revisions\/1125"}],"up":[{"embeddable":true,"href":"https:\/\/bridge2careers.org\/spanish\/wp-json\/wp\/v2\/pages\/594"}],"wp:attachment":[{"href":"https:\/\/bridge2careers.org\/spanish\/wp-json\/wp\/v2\/media?parent=950"}],"curies":[{"name":"wp","href":"https:\/\/api.w.org\/{rel}","templated":true}]}}