{"id":342,"date":"2018-12-21T19:16:45","date_gmt":"2018-12-21T19:16:45","guid":{"rendered":"https:\/\/newmexicotruetalent.org\/spanish\/?page_id=342"},"modified":"2021-12-20T06:28:06","modified_gmt":"2021-12-20T14:28:06","slug":"negocios","status":"publish","type":"page","link":"https:\/\/bridge2careers.org\/spanish\/explorando-su-ruta\/negocios\/","title":{"rendered":"Recursos para Negocios"},"content":{"rendered":"\n<style type=\"text\/css\" data-created_by=\"avia_inline_auto\" id=\"style-css-av-jr75j3tj-c25d0e179e7e1e1e68d3faf73ecab4b9\">\n#top .av_textblock_section.av-jr75j3tj-c25d0e179e7e1e1e68d3faf73ecab4b9 .avia_textblock{\nfont-size:18px;\ncolor:#f79721;\n}\n<\/style>\n<section  class='av_textblock_section av-jr75j3tj-c25d0e179e7e1e1e68d3faf73ecab4b9 '   itemscope=\"itemscope\" itemtype=\"https:\/\/schema.org\/CreativeWork\" ><div class='av-desktop-hide avia_textblock av_inherit_color'  itemprop=\"text\" ><p><strong>\u00a1Agrege esta pagina a la pantalla de inicio en su tel\u00e9fono!<\/strong><\/p>\n<p>Androids toquen el bot\u00f3n que surge de pronto.<\/p>\n<p><strong>iPhones toquen el boton de \u201ccompartir\u201d en la parte inferior de su pantalla, despues escojan \u201cagregar a pagina de inicio\u201d.<\/strong><\/p>\n<\/div><\/section>\n\n<style type=\"text\/css\" data-created_by=\"avia_inline_auto\" id=\"style-css-av-3cwspd-384ec85654117ca0300a2c5d3fe53a1e\">\n#top .flex_column.av-3cwspd-384ec85654117ca0300a2c5d3fe53a1e{\nmargin-top:0px;\nmargin-bottom:0px;\n}\n.flex_column.av-3cwspd-384ec85654117ca0300a2c5d3fe53a1e{\n-webkit-border-radius:0px 0px 0px 0px;\n-moz-border-radius:0px 0px 0px 0px;\nborder-radius:0px 0px 0px 0px;\npadding:0px 0px 0px 0px;\n}\n.responsive #top #wrap_all .flex_column.av-3cwspd-384ec85654117ca0300a2c5d3fe53a1e{\nmargin-top:0px;\nmargin-bottom:0px;\n}\n<\/style>\n<div  class='flex_column av-3cwspd-384ec85654117ca0300a2c5d3fe53a1e av_one_full  avia-builder-el-1  el_after_av_textblock  avia-builder-el-last  first flex_column_div av-animated-generic bottom-to-top av-zero-column-padding  column-top-margin'     ><p>\n<style type=\"text\/css\" data-created_by=\"avia_inline_auto\" id=\"style-css-av-jpyc2jij-e011bb86b6ddc308f866721cd918d3d5\">\n.avia-image-container.av-jpyc2jij-e011bb86b6ddc308f866721cd918d3d5 img.avia_image{\nbox-shadow:none;\n}\n.avia-image-container.av-jpyc2jij-e011bb86b6ddc308f866721cd918d3d5 .av-image-caption-overlay-center{\ncolor:#ffffff;\n}\n<\/style>\n<div  class='avia-image-container av-jpyc2jij-e011bb86b6ddc308f866721cd918d3d5 av-styling- avia-align-center  avia-builder-el-2  el_before_av_heading  avia-builder-el-first '   itemprop=\"image\" itemscope=\"itemscope\" itemtype=\"https:\/\/schema.org\/ImageObject\" ><div class=\"avia-image-container-inner\"><div class=\"avia-image-overlay-wrap\"><img decoding=\"async\" class='wp-image-760 avia-img-lazy-loading-not-760 avia_image ' src=\"https:\/\/bridge2careers.org\/spanish\/wp-content\/uploads\/sites\/4\/sites\/4\/2019\/04\/NMTT-Business-Photo-1.jpg\" alt='' title=''  height=\"416\" width=\"990\"  itemprop=\"thumbnailUrl\" srcset=\"https:\/\/bridge2careers.org\/spanish\/wp-content\/uploads\/sites\/4\/sites\/4\/2019\/04\/NMTT-Business-Photo-1.jpg 990w, https:\/\/bridge2careers.org\/spanish\/wp-content\/uploads\/sites\/4\/sites\/4\/2019\/04\/NMTT-Business-Photo-1-300x126.jpg 300w, https:\/\/bridge2careers.org\/spanish\/wp-content\/uploads\/sites\/4\/sites\/4\/2019\/04\/NMTT-Business-Photo-1-768x323.jpg 768w, https:\/\/bridge2careers.org\/spanish\/wp-content\/uploads\/sites\/4\/sites\/4\/2019\/04\/NMTT-Business-Photo-1-705x296.jpg 705w, https:\/\/bridge2careers.org\/spanish\/wp-content\/uploads\/sites\/4\/sites\/4\/2019\/04\/NMTT-Business-Photo-1-450x189.jpg 450w\" sizes=\"(max-width: 990px) 100vw, 990px\" \/><\/div><\/div><\/div><br \/>\n\n<style type=\"text\/css\" data-created_by=\"avia_inline_auto\" id=\"style-css-av-1y81i-6dac6f813199b582fcc723f9318321a5\">\n#top .av-special-heading.av-1y81i-6dac6f813199b582fcc723f9318321a5{\npadding-bottom:0;\n}\nbody .av-special-heading.av-1y81i-6dac6f813199b582fcc723f9318321a5 .av-special-heading-tag .heading-char{\nfont-size:25px;\n}\n.av-special-heading.av-1y81i-6dac6f813199b582fcc723f9318321a5 .av-subheading{\nfont-size:15px;\n}\n<\/style>\n<div  class='av-special-heading av-1y81i-6dac6f813199b582fcc723f9318321a5 av-special-heading-h2 blockquote modern-quote  avia-builder-el-3  el_after_av_image  el_before_av_hr '><h2 class='av-special-heading-tag'  itemprop=\"headline\"  >Recursos para Negocios<\/h2><div class=\"special-heading-border\"><div class=\"special-heading-inner-border\"><\/div><\/div><\/div><br \/>\n\n<style type=\"text\/css\" data-created_by=\"avia_inline_auto\" id=\"style-css-av-301elt-6af2ab138ad66bda024dd6952478e816\">\n#top .hr.av-301elt-6af2ab138ad66bda024dd6952478e816{\nmargin-top:10px;\nmargin-bottom:10px;\n}\n.hr.av-301elt-6af2ab138ad66bda024dd6952478e816 .hr-inner{\nwidth:50px;\nborder-color:#efbb20;\n}\n<\/style>\n<div  class='hr av-301elt-6af2ab138ad66bda024dd6952478e816 hr-custom  avia-builder-el-4  el_after_av_heading  el_before_av_textblock  hr-left hr-icon-no'><span class='hr-inner inner-border-av-border-fat'><span class=\"hr-inner-style\"><\/span><\/span><\/div><br \/>\n<section  class='av_textblock_section av-8wv0h-2e747794cb4293b80f606fad23901a95 '   itemscope=\"itemscope\" itemtype=\"https:\/\/schema.org\/CreativeWork\" ><div class='avia_textblock'  itemprop=\"text\" ><p>Nadie es mejor que usted para desarrollar su propio talento. Utiliza estos recursos para conectar tu negocio con el talento que necesitas.<\/p>\n<\/div><\/section><br \/>\n<div  class='togglecontainer av-jpye6ys4-778ccbae5d2e0ab7601ec8b63acbeb86  avia-builder-el-6  el_after_av_textblock  el_before_av_textblock  toggle_close_all' ><section class='av_toggle_section av-ciosu-7ef3ca4b43dc0462596259626ea10e71'  itemscope=\"itemscope\" itemtype=\"https:\/\/schema.org\/CreativeWork\" ><div role=\"tablist\" class=\"single_toggle\" data-tags=\"{All} \"  ><p data-fake-id='#toggle-id-1' class='toggler   '  itemprop=\"headline\"  role='tab' tabindex='0' aria-controls='toggle-id-1'>Recursos para buscar, obtener, contratar y capacitar talentos<span class=\"toggle_icon\"><span class=\"vert_icon\"><\/span><span class=\"hor_icon\"><\/span><\/span><\/p><div id='toggle-id-1' class='toggle_wrap  '  ><div class='toggle_content invers-color '  itemprop=\"text\" ><p><strong>*Los enlaces que se encuentran abajo podr\u00edan estar disponibles en espa\u00f1ol.<\/strong><\/p>\n<ul style=\"list-style-type: square;\">\n<li>\u00bfD\u00f3nde puedo asegurar capacitaci\u00f3n espec\u00edfica relacionada con el trabajo para mis empleados? <a href=\"https:\/\/www.ed2go.com\/dacc\/\">https:\/\/www.ed2go.com\/dacc\/<\/a><\/li>\n<li>\u00bfQu\u00e9 cursos y certificaciones en l\u00ednea est\u00e1n disponibles para mis empleados? <a href=\"https:\/\/dacc.nmsu.edu\/online-programs\/online-programas\/\">https:\/\/dacc.nmsu.edu\/online-programs\/online-programas\/<\/a><\/li>\n<li>\u00bfHay oportunidades para el desarrollo profesional en l\u00ednea para los miembros de mi personal? <a href=\"http:\/\/nmsua.edu\/continuing-ed\/online-classes\/\">http:\/\/nmsua.edu\/continuing-ed\/online-classes\/<\/a><\/li>\n<\/ul>\n<\/div><\/div><\/div><\/section><section class='av_toggle_section av-6xuv2-84a006bd423ce4646431a7b8eb9845b7'  itemscope=\"itemscope\" itemtype=\"https:\/\/schema.org\/CreativeWork\" ><div role=\"tablist\" class=\"single_toggle\" data-tags=\"{All} \"  ><p data-fake-id='#toggle-id-2' class='toggler   '  itemprop=\"headline\"  role='tab' tabindex='0' aria-controls='toggle-id-2'>Asociar con maestros y escuelas para ayudar a preparar al talento de ma\u00f1ana<span class=\"toggle_icon\"><span class=\"vert_icon\"><\/span><span class=\"hor_icon\"><\/span><\/span><\/p><div id='toggle-id-2' class='toggle_wrap  '  ><div class='toggle_content invers-color '  itemprop=\"text\" ><p><strong>*Los enlaces que se encuentran abajo podr\u00edan estar disponibles en espa\u00f1ol.<\/strong><\/p>\n<ul style=\"list-style-type: square;\">\n<li>10 beneficios de iniciar un programa de pasant\u00edas: <a href=\"http:\/\/www.internships.com\/employer\/resources\/setup\/benefits\">http:\/\/www.internships.com\/employer\/resources\/setup\/benefits<\/a><\/li>\n<li>\u00bfCu\u00e1les son los beneficios de iniciar un programa de pasant\u00edas, y como puede el Estado ayudarme a hacer esto? <a href=\"https:\/\/www.dws.state.nm.us\/Apprenticeship\">https:\/\/www.dws.state.nm.us\/Apprenticeship<\/a><\/li>\n<\/ul>\n<\/div><\/div><\/div><\/section><\/div><br \/>\n<section  class='av_textblock_section av-jqd0dse6-a2bc1a8c306525e85cf7149511a71c77 '   itemscope=\"itemscope\" itemtype=\"https:\/\/schema.org\/CreativeWork\" ><div class='avia_textblock'  itemprop=\"text\" ><p><div class=\"su-spacer\" style=\"height:20px\"><\/div><span style=\"font-size: large;\">Para explorar el Gu\u00eda de la Carreras para cada una de nuestras notables industrias en el condado, haga clic <a href=\"https:\/\/newmexicotruetalent.org\/spanish\/career-pathways\/\">aqu\u00ed.<\/a><\/span><\/p>\n<\/div><\/section><\/p><\/div>\n","protected":false},"excerpt":{"rendered":"","protected":false},"author":1,"featured_media":0,"parent":351,"menu_order":3,"comment_status":"closed","ping_status":"closed","template":"","meta":{"footnotes":""},"class_list":["post-342","page","type-page","status-publish","hentry"],"_links":{"self":[{"href":"https:\/\/bridge2careers.org\/spanish\/wp-json\/wp\/v2\/pages\/342","targetHints":{"allow":["GET"]}}],"collection":[{"href":"https:\/\/bridge2careers.org\/spanish\/wp-json\/wp\/v2\/pages"}],"about":[{"href":"https:\/\/bridge2careers.org\/spanish\/wp-json\/wp\/v2\/types\/page"}],"author":[{"embeddable":true,"href":"https:\/\/bridge2careers.org\/spanish\/wp-json\/wp\/v2\/users\/1"}],"replies":[{"embeddable":true,"href":"https:\/\/bridge2careers.org\/spanish\/wp-json\/wp\/v2\/comments?post=342"}],"version-history":[{"count":7,"href":"https:\/\/bridge2careers.org\/spanish\/wp-json\/wp\/v2\/pages\/342\/revisions"}],"predecessor-version":[{"id":1065,"href":"https:\/\/bridge2careers.org\/spanish\/wp-json\/wp\/v2\/pages\/342\/revisions\/1065"}],"up":[{"embeddable":true,"href":"https:\/\/bridge2careers.org\/spanish\/wp-json\/wp\/v2\/pages\/351"}],"wp:attachment":[{"href":"https:\/\/bridge2careers.org\/spanish\/wp-json\/wp\/v2\/media?parent=342"}],"curies":[{"name":"wp","href":"https:\/\/api.w.org\/{rel}","templated":true}]}}